ided by p?
22
Let l be (3 - 1)/((-1)/20). Let d = -11 - l. Suppose 5 + 5 = j. Calculate the remainder when d is divided by j.
9
Suppose -6*d = 44 - 242. What is the remainder when d is divided by 7?
5
Let m(c) = c**2 + 11*c. What is the remainder when m(-17) is divided by 26?
24
Suppose -4*t + 6 = -t. Suppose -t*h = h - 24. Let y(l) = -2*l - 3. What is the remainder when y(-9) is divided by h?
7
Suppose 5*r = 3*h - 7*h + 42, r + 2*h - 6 = 0. What is the remainder when 197 is divided by r?
7
Suppose 0 = -5*u - 3 + 23. Let d = u - 2. Suppose a = -d*a + 27. What is the remainder when 25 is divided by a?
7
Suppose 3*o - 4*o = -1. Let v(r) = 5*r**2 + 1. Let p be v(o). Let d(h) = h**2 - h - 5. What is the remainder when d(p) is divided by 9?
7
Let l(v) = -4*v - 7. What is the remainder when 8 is divided by l(-3)?
3
Suppose 2*r - 321 = -5*x - 2*r, 2*x - 134 = -3*r. What is the remainder when x is divided by 32?
29
Let v(a) = a**2 - 3*a + 2. Calculate the remainder when v(-3) is divided by 6.
2
Let y(o) = -o**3 + 8*o**2 - 3*o - 2. Let j be y(8). Let n = 45 + j. Calculate the remainder when n is divided by 10.
9
Let d(h) be the second derivative of -1/3*h**3 + 0 + 1/12*h**4 + 5/2*h**2 - h. Calculate the remainder when 24 is divided by d(4).
11
Suppose 0 = 23*b - 28*b + 160. What is the remainder when b is divided by 18?
14
Suppose 11*d = -d + 600. Calculate the remainder when d is divided by 26.
24
Let q be (-2)/(-10) + 2/(-10). Suppose q = -y + 5*k + 5, 4*y - 6*k + 48 = -3*k. What is the remainder when 16 is divided by (-96)/y - (-4)/(-10)?
4
Suppose 154 = c + c. What is the remainder when c is divided by 16?
13
Let i(p) = 5*p - 2. Let w(f) = 10*f**2 - f. Suppose 4*x - 8 = -0*x. What is the remainder when w(x) is divided by i(3)?
12
Suppose 5*m + 27 = 2*l - 23, 0 = -3*l - 4*m + 29. Suppose -l = j - 54. What is the remainder when j is divided by 14?
11
Suppose -s + y + 13 = 2*s, -2*s = -4*y - 22. Calculate the remainder when 5 is divided by s.
2
Let x be (2/(-4))/(6/(-36)). Suppose 2*r + 8 = 0, -x*n + 7*r - 5*r = -53. Calculate the remainder when 41 is divided by n.
11
Let s = -154 - -256. Let z = -40 + s. What is the remainder when z is divided by 16?
14
Suppose -4*d - 15 + 123 = 0. Suppose 2*n - 2*r = -n + 46, -4*n + 5*r + 66 = 0. What is the remainder when d is divided by n?
13
Let y be (-5 - -2) + 2 + 74. Let i = -41 + y. Let a(q) = q**2 + 2*q - 4. Calculate the remainder when i is divided by a(3).
10
Let t(w) = -w**2 - 13*w - 27. What is the remainder when 67 is divided by t(-7)?
7
Suppose 2*b - 31 = -5*k, 4*k + 3*b = -11 + 40. What is the remainder when 0 + -1 - (-16 + 7 - -1) is divided by k?
2
Let r(t) = -6 + t + 9 - 2*t. Let s be r(-4). Let x = s - 5. What is the remainder when 5 is divided by x?
1
Let x(r) = 11*r**2 + 2*r. Let t(i) be the third derivative of i**4/12 + 2*i**3/3 - 3*i**2. Calculate the remainder when x(-2) is divided by t(5).
12
Suppose 4*l + 47 - 615 = 0. Calculate the remainder when l is divided by 18.
16
Let a = 1 + 1. Let r(d) = -a*d - 8*d + 9*d - 2. Calculate the remainder when 2 is divided by r(-4).
0
Let d(p) = p**3 + 15*p**2 + 10*p - 12. Suppose -w + 23 = 2*u, 5*w - 83 = -3*u + u. Calculate the remainder when d(-14) is divided by w.
14
Let g be (-1)/(-2) - (-18)/4. Suppose -g*v = 4*d - 213 + 68, 2*v - 5*d = 25. Let q = -24 + 37. What is the remainder when v is divided by q?
12
Let a(w) = 5 + 2*w - w**2 - 2 - 8*w. What is the remainder when a(-6) is divided by 3?
0
Let y(x) = -3*x**2 + 12*x + 5. Let p(k) = 4*k**2 - 13*k - 5. Let g(q) = -4*p(q) - 5*y(q). Let d = 5 - -14. What is the remainder when d is divided by g(-5)?
9
Suppose 2*o - 22 + 2 = 0. Suppose 0 = 3*h - o + 4. What is the remainder when (-2)/(-4) - 3/(-2) is divided by h?
0
Let z = 105 + -25. Suppose -4*x - 5*s = -z, -x + 3*s = -2*s - 45. Let d(m) = 7*m**2 + m + 1. Calculate the remainder when x is divided by d(-1).
4
What is the remainder when (-996)/(-24) + (-1)/2 is divided by (45/6)/((-2)/(-4))?
11
Suppose 4*f - 13 = -1. Suppose -15 = -5*j + k + 36, f*k - 12 = 0. Calculate the remainder when j is divided by 5.
1
Let x(g) = g**3 + 7*g**2 + 4*g - 4. Let f be x(-4). Let j = -19 + f. What is the remainder when 34 is divided by j?
7
Let d = -9 - -21. Calculate the remainder when 9 is divided by d/10*(-20)/(-6).
1
Let h = -26 - -45. Suppose 171*i = 166*i + 25. Calculate the remainder when h is divided by i.
4
Suppose -3*b - 12 = -0*q - 3*q, -2*b = 2*q - 8. Suppose -2*h + 5*h - 192 = b. Let g(d) = -6*d + 4. Calculate the remainder when h is divided by g(-3).
20
Suppose -3*k + 11 = -52. What is the remainder when k is divided by (36/42)/(2/28)?
9
Let r(b) = -9*b - 5. What is the remainder when r(-5) is divided by 14?
12
Suppose 90*n - 94*n + 20 = 0. Calculate the remainder when 10 is divided by n.
0
Let g(f) be the first derivative of 2*f**3/3 + 3*f**2/2 - 3*f + 3. Calculate the remainder when g(2) is divided by 6.
5
Let p = -9 - -84. Suppose -3*k = -3*w + 51, -5*w + 0*k + p = -3*k. Calculate the remainder when 43 is divided by w.
7
Suppose 174 = 2*g - 4. Suppose -g = -5*h + 26. Let u = -64 - -109. Calculate the remainder when u is divided by h.
22
Suppose 4*y + 6*k - 2*k = -192, -k + 1 = 0. Let t = 96 + y. Calculate the remainder when t is divided by 18 - (-1 + (3 - 0)).
15
Let y(c) = 6*c - 4. Calculate the remainder when 175 is divided by y(8).
43
Suppose 2*y = 2*a + 52, 0 = -3*y + 2*a + 115 - 32. Calculate the remainder when y is divided by 8.
7
Let z = 26 + -18. Let x = 7 + z. Calculate the remainder when x is divided by 9.
6
Suppose 4*x + 16 = 4*l, 5*l + 3*x = -x + 2. What is the remainder when 6 is divided by l?
0
Suppose -3*y + 6 = -9. Suppose 0 = -y*h - 2*n + 90, 3*h - 2*n = -0*n + 38. What is the remainder when 27 is divided by h?
11
Let i be 1/(-1) - 19*-1. Let z = i - -8. What is the remainder when z is divided by 9?
8
Let n(m) = -11*m**2 - m - 4. Let w be n(3). Let v = -57 - w. Let q = 3 - -14. Calculate the remainder when v is divided by q.
15
Let a(r) be the first derivative of -15*r**2/2 - 2*r + 5. What is the remainder when 49 is divided by a(-1)?
10
Let l(x) = -x. Calculate the remainder when l(-2) is divided by 1.
0
Let r = 7 + 28. Suppose z - 4 = -2*f + 2, 3*f = 5*z - 69. Calculate the remainder when r is divided by z.
11
Suppose -3*u + 100 = 25. Suppose 10 = -5*s, 2*p + 3 - u = -5*s. Calculate the remainder when 31 is divided by p.
15
Let j(v) = v**2 - 8*v - 13. Suppose 3*g = 21 + 6. Let u be j(g). What is the remainder when 13 is divided by 10 + -1 + u/2?
6
Let r(z) = 2*z**2 - z + 190. What is the remainder when r(0) is divided by 24?
22
Suppose -4*k = k - 90. Suppose 0*l + 2*l - 158 = 4*s, 201 = 3*l + 3*s. What is the remainder when l is divided by k?
17
Let w = -8 + 13. Suppose i + 351 = w*r, -4*r - i + 279 = -0*r. What is the remainder when r is divided by 24?
22
Let i(k) be the first derivative of 11/2*k**2 + 0*k - 1. Calculate the remainder when i(1) is divided by 4.
3
Let v be (0/(-2))/(10 + -9). Suppose v = 9*r - 12*r + 30. Suppose 101 = 5*f + 16. Calculate the remainder when f is divided by r.
7
Suppose -5*f + 2*f + 3*l = -33, -4*l = -3*f + 34. Let q = 2 + f. Let k(i) = -4*i**3 - 3*i**2 + 2. Calculate the remainder when k(-2) is divided by q.
10
Calculate the remainder when ((-24)/(-5 - -2))/(2/17) is divided by 18.
14
Let w(k) be the second derivative of -k**3 + 4*k**2 - k. Calculate the remainder when w(-6) is divided by (15/2)/(-4*(-2)/16).
14
Suppose -6 + 62 = 4*c. Suppose w - 17 = 23. Calculate the remainder when w is divided by c.
12
Suppose 0*i = -5*i - 25. Let p = 17 + i. Let g = p - 7. What is the remainder when 14 is divided by g?
4
Let g(f) = -2*f - 5. Suppose 2*s + 28 = -2*s. Let p be g(s). What is the remainder when (-276)/p*12/(-8) is divided by 16?
14
Let p be (-3)/4 - 15/(-20). Suppose -b - 4*b = p, -90 = -3*w - 4*b. Let u = -18 + 34. What is the remainder when w is divided by u?
14
Let n be (-6)/(-10) + 4/10. Let g = n + 21. What is the remainder when 87 is divided by g?
21
Suppose 433 = 8*q + 41. What is the remainder when 94 is divided by q?
45
Let v be 2*1*14/(-4). Let r = v + 14. What is the remainder when (38/(-6))/((-8)/24) is divided by r?
5
Suppose k = -3*k + 32. Suppose -3*x = -2*n - 16, -3*x + 14 = -0*x 